{"id":2027,"date":"2020-03-29T12:53:12","date_gmt":"2020-03-29T12:53:12","guid":{"rendered":"http:\/\/andy66.fi\/?page_id=2027"},"modified":"2023-01-03T16:46:49","modified_gmt":"2023-01-03T16:46:49","slug":"bio","status":"publish","type":"page","link":"https:\/\/andy66.fi\/?page_id=2027","title":{"rendered":"artist statement"},"content":{"rendered":"\n<figure class=\"wp-block-image size-full\"><a href=\"https:\/\/i1.wp.com\/andy66.fi\/wp-content\/uploads\/2023\/01\/Andy-tyo\u0308huone-mess.jpeg?ssl=1\"><img data-attachment-id=\"2189\" data-permalink=\"https:\/\/andy66.fi\/?attachment_id=2189\" data-orig-file=\"https:\/\/i1.wp.com\/andy66.fi\/wp-content\/uploads\/2023\/01\/Andy-tyo\u0308huone-mess.jpeg?fit=1600%2C902&amp;ssl=1\" data-orig-size=\"1600,902\" data-comments-opened=\"1\" data-image-meta=\"{&quot;aperture&quot;:&quot;2.2&quot;,&quot;credit&quot;:&quot;&quot;,&quot;camera&quot;:&quot;TRT-LX1&quot;,&quot;caption&quot;:&quot;&quot;,&quot;created_timestamp&quot;:&quot;1586617801&quot;,&quot;copyright&quot;:&quot;&quot;,&quot;focal_length&quot;:&quot;3.83&quot;,&quot;iso&quot;:&quot;399&quot;,&quot;shutter_speed&quot;:&quot;0.033333336&quot;,&quot;title&quot;:&quot;&quot;,&quot;orientation&quot;:&quot;1&quot;}\" data-image-title=\"Andy-tyo\u0308huone-mess\" data-image-description=\"\" data-medium-file=\"https:\/\/i1.wp.com\/andy66.fi\/wp-content\/uploads\/2023\/01\/Andy-tyo\u0308huone-mess.jpeg?fit=300%2C169&amp;ssl=1\" data-large-file=\"https:\/\/i1.wp.com\/andy66.fi\/wp-content\/uploads\/2023\/01\/Andy-tyo\u0308huone-mess.jpeg?fit=1024%2C577&amp;ssl=1\" decoding=\"async\" loading=\"lazy\" width=\"1170\" height=\"660\" src=\"https:\/\/i1.wp.com\/andy66.fi\/wp-content\/uploads\/2023\/01\/Andy-tyo\u0308huone-mess.jpeg?resize=1170%2C660&#038;ssl=1\" alt=\"\" class=\"wp-image-2189\" data-recalc-dims=\"1\"\/><\/a><\/figure>\n\n\n<p>\u00a0<\/p>\n<p>Andy Anders Sundqvist born 1966 is a painter with a big heart. His paintings can be put in the Art Brut (Brutal Art) context. He has had exhibitions and performances in Ostrobothnia and Helsinki since the early 1990s. It is difficult to put Andy in a regular exhibition concept because he has always paintings on showrooms, differed Cafe\u00b4s and bars. He has participated in films as an actor (including in SUORA \/ MUTKAINEN. FILM BY SAWANDI GROSKIND) and a dancer in the 80s in the band Ragnar Hare who won the Finnish rock championship in the 80s (see website year Ragnar Hare, Video about me and my work)<\/p>\n<p>\u00a0<\/p>\n<p>You can find more of him on his website http:\/\/andy66.fi<\/p>\n<p>Andy Anders Sundqvist f\u00f6dd 1966 \u00e4r en m\u00e5lare med stort hj\u00e4rta. Hans m\u00e5lningar kan man s\u00e4tta i Art Brut (Brutal Konst) Kontexten.<\/p>\n<p>Han har haft utst\u00e4llningar och performance i \u00f6sterbotten och Helsingfors sen b\u00f6rjan av 90 talet. Det \u00e4r sv\u00e5rt att s\u00e4tta Andy i en vanlig utst\u00e4llningskoncept f\u00f6r han har hela tiden m\u00e5lningar framme p\u00e5 kace-er och barer. Han har deltagit i filmer som akt\u00f6r (bland annat i SUORA\/MUTKAINEN. FILM BY SAWANDI GROSKIND) och dancare p\u00e5 80 talet i bandet Ragnar Hare som vann finska rock mesterskapet p\u00e5 80 talet (se hemsid\u00e5r Ragnar Hare, Video about and my work)<\/p>\n<p>\u00a0<\/p>\n<p>mera av honom hittar ni p\u00e5 hans hemsida <a href=\"http:\/\/andy66.fi\/\">http:\/\/andy66.fi<\/a>M<\/p>\n<p>Andy Anders Sundqvist s. 1966 on maalari suurella syd\u00e4mell\u00e4. H\u00e4nen maalauksensa voidaan sijoittaa Art Brut (Brutal Art) -kontekstiin. H\u00e4nell\u00e4 on ollut n\u00e4yttelyit\u00e4 ja esityksi\u00e4\/performansseja Pohjanmaalla ja Helsingiss\u00e4 1990-luvun alusta. Andyn asettaminen tavanomaiseen n\u00e4yttelykontekstiin on vaikeaa, koska h\u00e4nell\u00e4 on aina maalauksia esill\u00e4 kahviloissa ja baareissa. H\u00e4n on osallistunut elokuviin n\u00e4yttelij\u00e4n\u00e4 (mm SUORA \/ MUTKAINEN. Elokuva SAWANDI GROSKIND) ja esitanssijana 80-luvulla Ragnar Hare-yhtyeess\u00e4, joka voitti 80-luvulla Suomen rock-mestaruuden (katso verkkosivuvuosi Ragnar Hare, Video About My Work)<\/p>\n<p>\u00a0<\/p>\n<p>L\u00f6yd\u00e4t lis\u00e4\u00e4 h\u00e4nest\u00e4 h\u00e4nen verkkosivuillaan http:\/\/andy66.fi\/<\/p><div class=\"pvc_clear\"><\/div><p id=\"pvc_stats_2027\" class=\"pvc_stats  \" data-element-id=\"2027\" style=\"\"><i class=\"fa fa-bar-chart pvc-stats-icon medium\" aria-hidden=\"true\"><\/i> <img decoding=\"async\" src=\"https:\/\/i0.wp.com\/andy66.fi\/wp-content\/plugins\/page-views-count\/ajax-loader.gif?w=1170&#038;ssl=1\" border=0 data-recalc-dims=\"1\" \/><\/p><div class=\"pvc_clear\"><\/div><div class='epvc-post-count'><span class='epvc-eye'><\/span>  <span class=\"epvc-count\"> 769<\/span><span class='epvc-label'> Views<\/span><\/div>","protected":false},"excerpt":{"rendered":"<p>\u00a0 Andy Anders Sundqvist born 1966 is a painter with a big heart. His paintings can be put in the Art Brut (Brutal Art) context. He has had exhibitions and performances in Ostrobothnia and Helsinki since the early 1990s. It is difficult to put Andy in a regular exhibition concept because he has always paintings [&hellip;]<\/p>\n<div class=\"pvc_clear\"><\/div>\n<p id=\"pvc_stats_2027\" class=\"pvc_stats  \" data-element-id=\"2027\" style=\"\"><i class=\"fa fa-bar-chart pvc-stats-icon medium\" aria-hidden=\"true\"><\/i> <img decoding=\"async\" src=\"https:\/\/andy66.fi\/wp-content\/plugins\/page-views-count\/ajax-loader.gif\" border=0 \/><\/p>\n<div class=\"pvc_clear\"><\/div>\n","protected":false},"author":7,"featured_media":0,"parent":0,"menu_order":0,"comment_status":"closed","ping_status":"closed","template":"template-parts\/template-homepage.php","meta":{"spay_email":""},"_links":{"self":[{"href":"https:\/\/andy66.fi\/index.php?rest_route=\/wp\/v2\/pages\/2027"}],"collection":[{"href":"https:\/\/andy66.fi\/index.php?rest_route=\/wp\/v2\/pages"}],"about":[{"href":"https:\/\/andy66.fi\/index.php?rest_route=\/wp\/v2\/types\/page"}],"author":[{"embeddable":true,"href":"https:\/\/andy66.fi\/index.php?rest_route=\/wp\/v2\/users\/7"}],"replies":[{"embeddable":true,"href":"https:\/\/andy66.fi\/index.php?rest_route=%2Fwp%2Fv2%2Fcomments&post=2027"}],"version-history":[{"count":10,"href":"https:\/\/andy66.fi\/index.php?rest_route=\/wp\/v2\/pages\/2027\/revisions"}],"predecessor-version":[{"id":2191,"href":"https:\/\/andy66.fi\/index.php?rest_route=\/wp\/v2\/pages\/2027\/revisions\/2191"}],"wp:attachment":[{"href":"https:\/\/andy66.fi\/index.php?rest_route=%2Fwp%2Fv2%2Fmedia&parent=2027"}],"curies":[{"name":"wp","href":"https:\/\/api.w.org\/{rel}","templated":true}]}}